{"version":1,"type":"rich","width":1920,"height":1080,"title":"8_NA_CZYM_POLEGA_PRACA_Z_M\u0141ODZIE\u017b\u0104_W_ZBORZE_-_CZES\u0141AW_BASSARA","url":"https:\/\/vod.tarnow.kwch.pl\/channel\/Bkapuscinski\/video\/.vteA_kYnk_QeE2QdHrPgfA\/8_na_czym_polega_praca_z_mlodzieza_w_zborze_-_czeslaw_bassara","provider_name":"KWCH zb\u00f3r w Tarnowie","provider_url":"https:\/\/vod.tarnow.kwch.pl\/","html":"<div class=\"embed-responsive embed-responsive-16by9\" style=\"position: relative;padding-bottom: 56.25% !important;\"><iframe width=\"640\" height=\"360\" style=\"max-width: 100%;max-height: 100%; border:none;position: absolute;top: 0;left: 0;width: 100%; height: 100%;\" src=\"https:\/\/vod.tarnow.kwch.pl\/channel\/Bkapuscinski\/videoEmbed\/.vteA_kYnk_QeE2QdHrPgfA\/8_na_czym_polega_praca_z_mlodzieza_w_zborze_-_czeslaw_bassara\" frameborder=\"0\" allow=\"fullscreen;autoplay;camera *;microphone *;\" allowfullscreen=\"allowfullscreen\" mozallowfullscreen=\"mozallowfullscreen\" msallowfullscreen=\"msallowfullscreen\" oallowfullscreen=\"oallowfullscreen\" webkitallowfullscreen=\"webkitallowfullscreen\" scrolling=\"no\" videoLengthInSeconds=\"{videoLengthInSeconds}\">iFrame is not supported!<\/iframe><\/div>"}

8_NA_CZYM_POLEGA_PRACA_Z_MŁODZIEŻĄ_W_ZBORZE_-_CZESŁAW_BASSARA

KWCH zbór w Tarnowie
